alculate the highest common factor of 568 and 8.
8
Calculate the greatest common divisor of 1536 and 12.
12
Calculate the highest common factor of 10 and 155.
5
Calculate the highest common factor of 1159 and 976.
61
What is the highest common factor of 2475 and 5625?
225
Calculate the highest common divisor of 507 and 312.
39
What is the highest common divisor of 122 and 61?
61
What is the highest common divisor of 9340 and 60?
20
What is the highest common divisor of 32 and 18208?
32
What is the highest common factor of 52 and 76?
4
Calculate the greatest common factor of 47 and 2021.
47
Calculate the greatest common factor of 4824 and 938.
134
Calculate the greatest common divisor of 5125 and 41.
41
What is the highest common factor of 512 and 464?
16
What is the highest common factor of 108 and 1053?
27
Calculate the greatest common divisor of 1098 and 18.
18
Calculate the greatest common divisor of 681 and 21.
3
What is the greatest common divisor of 26 and 949?
13
Calculate the highest common factor of 704 and 220.
44
Calculate the highest common divisor of 20 and 340.
20
What is the highest common divisor of 41 and 2132?
41
Calculate the greatest common divisor of 2071 and 19.
19
Calculate the highest common factor of 66 and 286.
22
What is the greatest common divisor of 11 and 28534?
11
What is the highest common divisor of 20 and 270?
10
Calculate the highest common divisor of 365 and 1241.
73
What is the highest common factor of 496 and 592?
16
Calculate the highest common divisor of 14 and 70.
14
Calculate the greatest common factor of 1023 and 264.
33
What is the highest common divisor of 16 and 1136?
16
What is the highest common factor of 108 and 276?
12
What is the greatest common factor of 3348 and 496?
124
Calculate the highest common factor of 4251 and 39.
39
What is the highest common factor of 637 and 735?
49
Calculate the greatest common factor of 2117 and 73.
73
What is the greatest common factor of 1090 and 120?
10
What is the highest common factor of 150 and 90?
30
What is the highest common factor of 48640 and 95?
95
Calculate the greatest common divisor of 24 and 784.
8
What is the greatest common factor of 60 and 320?
20
Calculate the greatest common factor of 3736 and 24.
8
What is the highest common divisor of 11023 and 73?
73
Calculate the greatest common factor of 5 and 115.
5
What is the greatest common factor of 238 and 1778?
14
Calculate the greatest common factor of 55440 and 220.
220
Calculate the greatest common divisor of 150 and 60.
30
Calculate the highest common divisor of 200 and 440.
40
Calculate the highest common factor of 6 and 99.
3
What is the greatest common factor of 1037 and 17?
17
What is the greatest common factor of 221 and 51?
17
What is the greatest common divisor of 1 and 36?
1
What is the greatest common divisor of 1449 and 92?
23
What is the highest common factor of 8809 and 69?
23
What is the highest common divisor of 147 and 7791?
147
Calculate the greatest common divisor of 330 and 11770.
110
Calculate the greatest common divisor of 13462 and 636.
106
Calculate the greatest common divisor of 786 and 18.
6
Calculate the greatest common factor of 555 and 1887.
111
What is the greatest common factor of 2126 and 2?
2
Calculate the highest common factor of 336 and 182.
14
Calculate the greatest common factor of 68 and 2278.
34
Calculate the greatest common factor of 17 and 1105.
17
Calculate the highest common factor of 232 and 104.
8
What is the highest common factor of 50236 and 76?
76
What is the greatest common divisor of 35 and 2765?
35
What is the greatest common divisor of 121 and 99?
11
Calculate the highest common divisor of 14 and 868.
14
Calculate the greatest common factor of 18 and 3141.
9
What is the greatest common factor of 202 and 46258?
202
What is the highest common factor of 60 and 735?
15
What is the greatest common divisor of 300 and 135?
15
Calculate the greatest common factor of 51 and 6681.
51
Calculate the highest common divisor of 30 and 1995.
15
Calculate the highest common divisor of 4475 and 125.
25
What is the highest common divisor of 560 and 880?
80
Calculate the greatest common factor of 30 and 5655.
15
What is the greatest common divisor of 10 and 85?
5
Calculate the greatest common factor of 112 and 21448.
56
Calculate the highest common factor of 35 and 70.
35
What is the highest common factor of 6990 and 30?
30
Calculate the highest common divisor of 125 and 675.
25
What is the greatest common factor of 18 and 2?
2
Calculate the highest common factor of 187 and 34.
17
What is the highest common divisor of 385 and 105?
35
Calculate the highest common divisor of 30 and 410.
10
Calculate the greatest common divisor of 81 and 144.
9
What is the highest common divisor of 989 and 3096?
43
What is the greatest common divisor of 92 and 3266?
46
What is the greatest common divisor of 22355 and 85?
85
Calculate the highest common divisor of 72 and 4644.
36
Calculate the highest common divisor of 47 and 611.
47
Calculate the greatest common divisor of 533 and 26.
13
What is the highest common divisor of 9 and 4074?
3
Calculate the highest common divisor of 806 and 124.
62
Calculate the greatest common divisor of 24 and 2328.
24
Calculate the greatest common divisor of 33 and 22.
11
Calculate the highest common divisor of 147 and 3.
3
What is the greatest common divisor of 6 and 30078?
6
Calculate the greatest common factor of 165 and 30.
15
Calculate the highest common divisor of 3792 and 48.
48
What is the greatest common factor of 16 and 16304?
16
Calculate the highest common factor of 116 and 8.
4
What is the greatest common divisor of 1435 and 5?
5
Calculate the highest common factor of 162 and 432.
54
Calculate the highest common factor of 264 and 24.
24
What is the greatest common factor of 22 and 154?
22
Calculate the greatest common factor of 9 and 819.
9
What is the greatest common factor of 18 and 138?
6
What is the highest common divisor of 5621 and 154?
77
What is the highest common divisor of 732 and 10797?
183
What is the greatest common factor of 24 and 40?
8
What is the highest common factor of 170 and 323?
17
Calculate the highest common divisor of 4158 and 66.
66
What is the highest common divisor of 2788 and 82?
82
What is the greatest common factor of 90 and 390?
30
What is the highest common divisor of 56 and 7868?
28
Calculate the highest common divisor of 218 and 1199.
109
Calculate the greatest common divisor of 675 and 162.
27
Calculate the highest common factor of 1688 and 18779.
211
Calculate the highest common divisor of 26923 and 247.
247
What is the greatest common divisor of 700 and 28?
28
What is the highest common factor of 288 and 18?
18
Calculate the highest common factor of 10 and 146.
2
What is the greatest common divisor of 319 and 203?
29
Calculate the greatest common divisor of 120 and 35480.
40
Calculate the greatest common divisor of 105 and 5103.
21
Calculate the highest common divisor of 162 and 270.
54
Calculate the highest common factor of 37 and 10915.
37
Calculate the greatest common factor of 62 and 1178.
62
Calculate the greatest common divisor of 4 and 1.
1
What is the greatest common factor of 40 and 3280?
40
What is the highest common factor of 5676 and 6?
6
What is the highest common factor of 445 and 89?
89
What is the greatest common divisor of 340 and 36?
4
What is the greatest common divisor of 13970 and 110?
110
Calculate the greatest common divisor of 2624 and 3608.
328
What is the greatest common divisor of 96 and 736?
32
Calculate the greatest common divisor of 213 and 4331.
71
What is the greatest common divisor of 95 and 57?
19
Calculate the greatest common divisor of 54 and 891.
27
What is the greatest common divisor of 8 and 436?
4
What is the greatest common divisor of 144 and 2672?
16
What is the highest common divisor of 66 and 88?
22
Calculate the highest common factor of 278 and 4.
2
Calculate the highest common factor of 143 and 52.
13
Calculate the greatest common factor of 468 and 429.
39
What is the greatest common factor of 5 and 5?
5
Calculate the greatest common factor of 351 and 2925.
117
Calculate the highest common factor of 13 and 4.
1
What is the highest common divisor of 37